{"id":6489,"date":"2022-05-13T03:04:37","date_gmt":"2022-05-13T01:04:37","guid":{"rendered":"https:\/\/www.centrocamini.it\/shop\/?post_type=product&#038;p=6489"},"modified":"2023-12-01T14:49:40","modified_gmt":"2023-12-01T13:49:40","slug":"stufa-a-pellet-canalizzata-slim-souvenir-steel-evo-la-nordica","status":"publish","type":"product","link":"https:\/\/www.centrocamini.it\/shop\/prodotto\/stufa-a-pellet-canalizzata-slim-souvenir-steel-evo-la-nordica\/","title":{"rendered":"Stufa a pellet canalizzata, slim Souvenir Steel evo La Nordica"},"content":{"rendered":"<h3>Caratteristiche tecniche della Stufa a pellet canalizzata, slim Souvenir Steel EVO extraflame La Nordica<\/h3>\n<p><i><b>Souvenir Steel<\/b><\/i><br \/>\n<i>Stufa a pellet &#8220;stretta&#8221;, canalizzata e con rivestimento in acciaio verniciato<\/i><\/p>\n<p><i><b>ChronoThermostat Program<\/b><\/i><br \/>\nCronotermostato con controllo di temperatura suddiviso in quattro fasce giornaliere, per una ottimale gestione degli ambienti.<\/p>\n<p><i><b>Delay Stop System<\/b><\/i><br \/>\nSpegnimento ritardato della stufa.<\/p>\n<p><i><b>Electronic Air Control<\/b><\/i><br \/>\nAria primaria e secondaria bilanciate elettronicamente per una ottimale combustione ed efficienza termica.<\/p>\n<p><i><b>Keylock System<\/b><\/i><br \/>\nPermette di bloccare il tastierino del display per evitare l\u2019uso improprio od accidentale dell\u2019apparecchio (blocco tasti).<\/p>\n<p><i><b>Interface Control Temperature<br \/>\n<\/b><\/i>Il prodotto si interfaccia con i dispositivi di controllo di temperatura dell\u2019abitazione (termostati o contatti) per ottenere la temperatura desiderata negli ambienti<\/p>\n<p><i><b>Rate Adjustment Program<\/b><\/i><br \/>\nIn due semplici passaggi possiamo regolare la forza della ventilazione e, dove presente, della canalizzazione.<\/p>\n<p><i><b>Resistant Door at the Time<\/b><\/i><br \/>\nLe porte dei prodotti realizzate in ghisa di qualit\u00e0 elevata sono inalterabili nel tempo e garantiscono una costante tenuta.<\/p>\n<p><i><b>Room Temperature Control<\/b><\/i><br \/>\nLa presenza della sonda ambiente ottimizza il comfort e porta ad una sensibile diminuzione dei consumi<\/p>\n<p><i><b>Hard Reset Program<\/b><\/i><br \/>\nRipristino dei dati iniziali di fabbrica preimpostati, in caso di errore di programmazione.<\/p>\n<p><i><b>Pellet Level Control<\/b><\/i><br \/>\nRegola la quantit\u00e0 di pellet da immettere nella camera di combustione.<\/p>\n<p><i><b>Auto Clean Checkup<\/b><\/i><br \/>\nAumenta l\u2019efficienza della combustione e la durata delle parti soggette ad usura e, nel contempo, diminuisce la pulizia ordinaria del braciere.<\/p>\n<p><i><b>Auto Re-Start<\/b><\/i><br \/>\nL\u2019apparecchio si riaccende automaticamente a seguito di un black out elettrico, dopo aver effettuato il ciclo di controlli previsto.<\/p>\n<p><i><b>Clean Glass Control<\/b><\/i><br \/>\nE\u2019 un sistema che tramite uno specifico percorso d\u2019aria preriscaldata evita efficacemente la formazione di depositi sul vetro della porta fuoco<\/p>\n<p><i><b>Caratteristiche:<\/b><\/i><br \/>\nRivestimento in acciaio verniciato<br \/>\nVentilazione forzata<br \/>\nFocolare in ghisa estraibile<br \/>\nScambiatore di calore con sistema di pulizia manuale<br \/>\nTermostato di sicurezza<br \/>\nTermostato interno<br \/>\nPredisposizione per termostato esterno (TA)<br \/>\nCronotermostato settimanale<br \/>\nTelecomando<br \/>\nCanalizzazione fino a 6 mt. e scarico fumi tramite 1 uscita \u00d880 posteriore, superiore o laterale destro<br \/>\n<b>Potenza termica nominale: 3,7-10,2 kw<br \/>\nm3 riscaldamento: 292<\/b><\/p>\n<p>Questo prodotto \u00e8 certificato\u00a0<b>4 stelle<\/b> secondo i requisiti di emissioni e rendimento della certificazione Aria Pulita.<\/p>\n","protected":false},"excerpt":{"rendered":"<p>La stufa a pellet Souvenir Steel di Extraflame nordica pu\u00f2 essere canalizzata fino a 6 metri. E&#8217; dotata di notevoli plus tecnologici e si adatta anche agli spazi pi\u00f9 stretti grazie alla profondit\u00e0 limitata. Dotata di una potenza di 3,7-10,2 kw che riscaldano fino a 293 m3<\/p>\n<p><strong>Caratteristiche tecniche<\/strong><\/p>\n<p>Rendimento &gt;90%<br \/>\nDimensioni (L-H-P) 821x1122x296 mm<br \/>\nPeso Netto 139 kg<br \/>\nConsumo orario 0,8-2,3 kg\/h<br \/>\nDiametro scarico fumi 80 mm<br \/>\nCapacit\u00e0 totale serbatoio ~ 18 kg<br \/>\nClasse Energetica A+<br \/>\nCertificazione Ambientale DM186 4 STELLE<\/p>\n<p><strong>PRODOTTO NON DISPONIBILE IN PRONTA CONSEGNA. DA ORDINARE<\/strong><\/p>\n","protected":false},"featured_media":6497,"template":"","meta":{"site-sidebar-layout":"default","site-content-layout":"default","ast-site-content-layout":"default","site-content-style":"default","site-sidebar-style":"default","ast-global-header-display":"","ast-banner-title-visibility":"","ast-main-header-display":"","ast-hfb-above-header-display":"","ast-hfb-below-header-display":"","ast-hfb-mobile-header-display":"","site-post-title":"","ast-breadcrumbs-content":"","ast-featured-img":"","footer-sml-layout":"","ast-disable-related-posts":"","theme-transparent-header-meta":"default","adv-header-id-meta":"","stick-header-meta":"","header-above-stick-meta":"","header-main-stick-meta":"","header-below-stick-meta":"","astra-migrate-meta-layouts":"set","ast-page-background-enabled":"default","ast-page-background-meta":{"desktop":{"background-color":"","background-image":"","background-repeat":"repeat","background-position":"center center","background-size":"auto","background-attachment":"scroll","background-type":"","background-media":"","overlay-type":"","overlay-color":"","overlay-opacity":"","overlay-gradient":""},"tablet":{"background-color":"","background-image":"","background-repeat":"repeat","background-position":"center center","background-size":"auto","background-attachment":"scroll","background-type":"","background-media":"","overlay-type":"","overlay-color":"","overlay-opacity":"","overlay-gradient":""},"mobile":{"background-color":"","background-image":"","background-repeat":"repeat","background-position":"center center","background-size":"auto","background-attachment":"scroll","background-type":"","background-media":"","overlay-type":"","overlay-color":"","overlay-opacity":"","overlay-gradient":""}},"ast-content-background-meta":{"desktop":{"background-color":"var(--ast-global-color-5)","background-image":"","background-repeat":"repeat","background-position":"center center","background-size":"auto","background-attachment":"scroll","background-type":"","background-media":"","overlay-type":"","overlay-color":"","overlay-opacity":"","overlay-gradient":""},"tablet":{"background-color":"var(--ast-global-color-5)","background-image":"","background-repeat":"repeat","background-position":"center center","background-size":"auto","background-attachment":"scroll","background-type":"","background-media":"","overlay-type":"","overlay-color":"","overlay-opacity":"","overlay-gradient":""},"mobile":{"background-color":"var(--ast-global-color-5)","background-image":"","background-repeat":"repeat","background-position":"center center","background-size":"auto","background-attachment":"scroll","background-type":"","background-media":"","overlay-type":"","overlay-color":"","overlay-opacity":"","overlay-gradient":""}}},"product_brand":[],"product_cat":[60],"product_tag":[102],"class_list":{"0":"post-6489","1":"product","2":"type-product","3":"status-publish","4":"has-post-thumbnail","6":"product_cat-stufe-a-pellet","7":"product_tag-la-nordica","8":"desktop-align-center","9":"tablet-align-left","10":"mobile-align-left","12":"first","13":"instock","14":"taxable","15":"shipping-taxable","16":"purchasable","17":"product-type-variable"},"_links":{"self":[{"href":"https:\/\/www.centrocamini.it\/shop\/wp-json\/wp\/v2\/product\/6489","targetHints":{"allow":["GET"]}}],"collection":[{"href":"https:\/\/www.centrocamini.it\/shop\/wp-json\/wp\/v2\/product"}],"about":[{"href":"https:\/\/www.centrocamini.it\/shop\/wp-json\/wp\/v2\/types\/product"}],"version-history":[{"count":3,"href":"https:\/\/www.centrocamini.it\/shop\/wp-json\/wp\/v2\/product\/6489\/revisions"}],"predecessor-version":[{"id":8238,"href":"https:\/\/www.centrocamini.it\/shop\/wp-json\/wp\/v2\/product\/6489\/revisions\/8238"}],"wp:featuredmedia":[{"embeddable":true,"href":"https:\/\/www.centrocamini.it\/shop\/wp-json\/wp\/v2\/media\/6497"}],"wp:attachment":[{"href":"https:\/\/www.centrocamini.it\/shop\/wp-json\/wp\/v2\/media?parent=6489"}],"wp:term":[{"taxonomy":"product_brand","embeddable":true,"href":"https:\/\/www.centrocamini.it\/shop\/wp-json\/wp\/v2\/product_brand?post=6489"},{"taxonomy":"product_cat","embeddable":true,"href":"https:\/\/www.centrocamini.it\/shop\/wp-json\/wp\/v2\/product_cat?post=6489"},{"taxonomy":"product_tag","embeddable":true,"href":"https:\/\/www.centrocamini.it\/shop\/wp-json\/wp\/v2\/product_tag?post=6489"}],"curies":[{"name":"wp","href":"https:\/\/api.w.org\/{rel}","templated":true}]}}