{"id":7891,"date":"2023-04-16T21:48:54","date_gmt":"2023-04-16T19:48:54","guid":{"rendered":"https:\/\/www.centrocamini.it\/shop\/?post_type=product&#038;p=7891"},"modified":"2023-04-17T18:30:20","modified_gmt":"2023-04-17T16:30:20","slug":"inserto-per-focolare-a-legna-ma-285-sl-plus-piazzetta","status":"publish","type":"product","link":"https:\/\/www.centrocamini.it\/shop\/prodotto\/inserto-per-focolare-a-legna-ma-285-sl-plus-piazzetta\/","title":{"rendered":"Inserto per focolare a legna MA 285 SL PLUS Piazzetta"},"content":{"rendered":"<h2>Caratteristiche dell&#8217;Inserto per focolare a legna MA 285 SL PLUS DX\/SX Piazzetta<\/h2>\n<p>In questa linea si fondono la dimensione generosa tipica del focolare tradizionale a legna, il design moderno e l\u2019apertura, particolarmente funzionale, con anta saliscendi.<\/p>\n<p class=\"block-header-prodotto-description\"><strong>Monoblocco Anta Saliscendi , MA 285 D\/S SL PLUS a Convezione Naturale per Focolare a legna<\/strong><\/p>\n<p>IL PIACERE DELLA LEGNA: Tradizione e innovazione, per godere del classico fuoco a legna.<\/p>\n<p><strong>Scambiatore fumi ad alta efficienza:\u00a0<\/strong>Per ottimizzare le prestazioni, la nuova gamma di focolari MA SL PLUS \u00e8 dotata di uno scambiatore fumi superiore, di due scambiatori tubolari e di un deflettore collocati all&#8217;interno del focolare. Questo consente di migliorare ulteriormente le prestazioni in merito a potenza e rendimento, con una notevole diminuzione del consumo di combustibile.<\/p>\n<p><strong>Solidit\u00e0 costruttiva:<\/strong>\u00a0La solidit\u00e0 dei prodotti Piazzetta \u00e8 fatta di tanta esperienza e continua ricerca. La\u00a0<b>robustezza costruttiva<\/b>, risultato di un\u2019accurata progettazione e della\u00a0<b>qualit\u00e0 dell\u2019acciaio di forte spessore<\/b>, garantisce una\u00a0<b>lunga durata di vita di ciascuna soluzione<\/b>. Nei laboratori Piazzetta, dove si sviluppa il prodotto, viene inoltre testata la produzione e la rispondenza alle normative internazionali.<br \/>\nEcodesign 2022: L&#8217;obiettivo di Ecodesign 2022 \u00e8 quello di\u00a0<b>aumentare l&#8217;efficienza energetica<\/b>\u00a0e\u00a0<b>ridurre le emissioni\u00a0<\/b>nocive in atmosfera. Obiettivo che Piazzetta ha iniziato a perseguire gi\u00e0 da tempo, sviluppando nuove linee di prodotti che comprendono importanti innovazioni e che rispettano i requisiti di costruzione ecocompatibile.<\/p>\n<h4>Aluker\u00ae, l&#8217;esclusivo materiale ceramico Piazzetta<\/h4>\n<p>I focolari Piazzetta sono realizzati in<b>\u00a0Aluker\u00ae<\/b>, l&#8217;esclusivo materiale ceramico brevettato da Piazzetta, che\u00a0<b>migliora la combustione e la diffusione del calore,<\/b>\u00a0aumentando l&#8217;efficienza di funzionamento del focolare. Il colore chiaro di questo materiale, rimane tale nel tempo, rendendo ancora pi\u00f9 piacevole la visione del fuoco, sempre brillante e vivo.<\/p>\n<div class=\"feature_icons_2--wrapper\">\n<div class=\"features--wrapper open\">\n<div class=\"features--header\">\n<h4>Caratteristiche principali<\/h4>\n<\/div>\n<div class=\"row\">\n<div class=\"feature--items\">\n<div class=\"feature-item col-md-6\">\n<div class=\"feature-item--wrapper\">\n<div class=\"feature-item--left\"><img decoding=\"async\" class=\"img-responsive\" src=\"https:\/\/www.piazzetta.com\/sites\/default\/files\/styles\/icona\/public\/features\/icons\/Z101_PORTA%20SALISCENDI.jpg?itok=kqwbo_xf\" width=\"48\" height=\"48\" \/><\/div>\n<div class=\"feature-item--right\">Rise n&#8217;fall door\u00a0<i class=\"tooltip-placeholder fal fa-question-circle\" title=\"\" data-toggle=\"popover\" data-html=\"true\" data-placement=\"right\" data-content=\"Apertura anta saliscendi\" data-original-title=\"Rise n'fall door\"><\/i><\/div>\n<\/div>\n<\/div>\n<div class=\"feature-item col-md-6\">\n<div class=\"feature-item--wrapper\">\n<div class=\"feature-item--left\"><img decoding=\"async\" class=\"img-responsive\" src=\"https:\/\/www.piazzetta.com\/sites\/default\/files\/styles\/icona\/public\/features\/icons\/Z154_STRUTTURA%20IN%20ACCIAIO.jpg?itok=9NicAZbR\" width=\"48\" height=\"48\" \/><\/div>\n<div class=\"feature-item--right\">Steel structure\u00a0<i class=\"tooltip-placeholder fal fa-question-circle\" title=\"\" data-toggle=\"popover\" data-html=\"true\" data-placement=\"right\" data-content=\"Struttura in acciaio\" data-original-title=\"Steel structure\"><\/i><\/div>\n<\/div>\n<\/div>\n<div class=\"feature-item col-md-6\">\n<div class=\"feature-item--wrapper\">\n<div class=\"feature-item--left\"><img decoding=\"async\" class=\"img-responsive\" src=\"https:\/\/www.piazzetta.com\/sites\/default\/files\/styles\/icona\/public\/features\/icons\/AU_REGISTRO-FUMI-MANUALE.jpg?itok=hnI640A-\" width=\"48\" height=\"48\" \/><\/div>\n<div class=\"feature-item--right\">Manual damper flue\u00a0<i class=\"tooltip-placeholder fal fa-question-circle\" title=\"\" data-toggle=\"popover\" data-html=\"true\" data-placement=\"right\" data-content=\"Registro fumi manuale\" data-original-title=\"Manual damper flue\"><\/i><\/div>\n<\/div>\n<\/div>\n<div class=\"feature-item col-md-6\">\n<div class=\"feature-item--wrapper\">\n<div class=\"feature-item--left\"><img loading=\"lazy\" decoding=\"async\" class=\"img-responsive\" src=\"https:\/\/www.piazzetta.com\/sites\/default\/files\/styles\/icona\/public\/features\/icons\/Z91_FOCOLARE-BRACIERE%20ALUCHER-GHISA.jpg?itok=7D0P5W_J\" width=\"48\" height=\"48\" \/><\/div>\n<div class=\"feature-item--right\">Cast iron brazier and aluker firebox\u00a0<i class=\"tooltip-placeholder fal fa-question-circle\" title=\"\" data-toggle=\"popover\" data-html=\"true\" data-placement=\"right\" data-content=\"Focolare in Aluker\u00ae Braciere in ghisa\" data-original-title=\"Cast iron brazier and aluker firebox\"><\/i><\/div>\n<\/div>\n<\/div>\n<div class=\"feature-item col-md-6\">\n<div class=\"feature-item--wrapper\">\n<div class=\"feature-item--left\"><img loading=\"lazy\" decoding=\"async\" class=\"img-responsive\" src=\"https:\/\/www.piazzetta.com\/sites\/default\/files\/styles\/icona\/public\/features\/icons\/BV_VASSOIO_SALVACENERE.jpg?itok=iwm2Xx58\" width=\"48\" height=\"48\" \/><\/div>\n<div class=\"feature-item--right\">Ash tray\u00a0<i class=\"tooltip-placeholder fal fa-question-circle\" title=\"\" data-toggle=\"popover\" data-html=\"true\" data-placement=\"right\" data-content=\"Vassoio salvacenere\" data-original-title=\"Ash tray\"><\/i><\/div>\n<\/div>\n<\/div>\n<div class=\"feature-item col-md-6\">\n<div class=\"feature-item--wrapper\">\n<div class=\"feature-item--left\"><img loading=\"lazy\" decoding=\"async\" class=\"img-responsive\" src=\"https:\/\/www.piazzetta.com\/sites\/default\/files\/styles\/icona\/public\/features\/icons\/AH_BRACIERE-PORTALEGNA.jpg?itok=Xt1HOhZZ\" width=\"48\" height=\"48\" \/><\/div>\n<div class=\"feature-item--right\">Log retainer\u00a0<i class=\"tooltip-placeholder fal fa-question-circle\" title=\"\" data-toggle=\"popover\" data-html=\"true\" data-placement=\"right\" data-content=\"Braciere portalegna optional\" data-original-title=\"Log retainer\"><\/i><\/div>\n<\/div>\n<\/div>\n<\/div>\n<\/div>\n<div class=\"features--header\">\n<h4>Optional<\/h4>\n<\/div>\n<div class=\"row\">\n<div class=\"feature--items\">\n<div class=\"feature-item col-md-6\">\n<div class=\"feature-item--wrapper\">\n<div class=\"feature-item--left\"><img loading=\"lazy\" decoding=\"async\" class=\"img-responsive\" src=\"https:\/\/www.piazzetta.com\/sites\/default\/files\/styles\/icona\/public\/features\/icons\/Z177_MANTELLO-CAPPA.png?itok=OT2eV8wU\" width=\"48\" height=\"48\" \/><\/div>\n<div class=\"feature-item--right\">Heat Exchanger\u00a0<i class=\"tooltip-placeholder fal fa-question-circle\" title=\"\" data-toggle=\"popover\" data-html=\"true\" data-placement=\"right\" data-content=\"Kit Mantello Cappa\" data-original-title=\"Heat Exchanger\"><\/i><\/div>\n<\/div>\n<\/div>\n<div class=\"feature-item col-md-6\">\n<div class=\"feature-item--wrapper\">\n<div class=\"feature-item--left\"><img loading=\"lazy\" decoding=\"async\" class=\"img-responsive\" src=\"https:\/\/www.piazzetta.com\/sites\/default\/files\/styles\/icona\/public\/features\/icons\/Z88_PIEDINI_allungabili.jpg?itok=8HbcMv72\" width=\"48\" height=\"48\" \/><\/div>\n<div class=\"feature-item--right\">Adjustable feet\u00a0<i class=\"tooltip-placeholder fal fa-question-circle\" title=\"\" data-toggle=\"popover\" data-html=\"true\" data-placement=\"right\" data-content=\"Kit piedini regolabili optional\" data-original-title=\"Adjustable feet\"><\/i><\/div>\n<\/div>\n<\/div>\n<div class=\"feature-item col-md-6\">\n<div class=\"feature-item--wrapper\">\n<div class=\"feature-item--left\"><img loading=\"lazy\" decoding=\"async\" class=\"img-responsive\" src=\"https:\/\/www.piazzetta.com\/sites\/default\/files\/styles\/icona\/public\/features\/icons\/R_ARIA-COMBURENTE_0.jpg?itok=9i0vZtqR\" alt=\"\" width=\"48\" height=\"48\" \/><\/div>\n<div class=\"feature-item--right\">External air kit\u00a0<i class=\"tooltip-placeholder fal fa-question-circle\" title=\"\" data-toggle=\"popover\" data-html=\"true\" data-placement=\"right\" data-content=\"Kit per il prelievo dell'aria comburente dall'esterno\" data-original-title=\"External air kit\"><\/i><\/div>\n<\/div>\n<\/div>\n<div class=\"feature-item col-md-6\">\n<div class=\"feature-item--wrapper\">\n<div class=\"feature-item--left\"><img loading=\"lazy\" decoding=\"async\" class=\"img-responsive\" src=\"https:\/\/www.piazzetta.com\/sites\/default\/files\/styles\/icona\/public\/features\/icons\/OPT31_MULTIFUOCO_PLUS_doppio_optional.png?itok=TE9pqK6h\" width=\"48\" height=\"48\" \/><\/div>\n<div class=\"feature-item--right\">Double Multifuoco Plus Ducting\u00a0<i class=\"tooltip-placeholder fal fa-question-circle\" title=\"\" data-toggle=\"popover\" data-html=\"true\" data-placement=\"right\" data-content=\"Multifuoco\u00ae System Plus con doppio sistema di ventilazione\" data-original-title=\"Double Multifuoco Plus Ducting\"><\/i><\/div>\n<\/div>\n<\/div>\n<div class=\"feature-item col-md-6\">\n<div class=\"feature-item--wrapper\">\n<div class=\"feature-item--left\"><img loading=\"lazy\" decoding=\"async\" class=\"img-responsive\" src=\"https:\/\/www.piazzetta.com\/sites\/default\/files\/styles\/icona\/public\/features\/icons\/Z12_MULTIFUOCO_SYSTEM_CANALIZZABILE.jpg?itok=2MhC1Exq\" width=\"48\" height=\"48\" \/><\/div>\n<div class=\"feature-item--right\">Multifuoco Plus ducting\u00a0<i class=\"tooltip-placeholder fal fa-question-circle\" title=\"\" data-toggle=\"popover\" data-html=\"true\" data-placement=\"right\" data-content=\"Multifuoco\u00ae System Plus\" data-original-title=\"Multifuoco Plus ducting\"><\/i><\/div>\n<\/div>\n<\/div>\n<div class=\"feature-item col-md-6\">\n<div class=\"feature-item--wrapper\">\n<div class=\"feature-item--left\"><img loading=\"lazy\" decoding=\"async\" class=\"img-responsive\" src=\"https:\/\/www.piazzetta.com\/sites\/default\/files\/styles\/icona\/public\/features\/icons\/Z116_PIEDINI_LIVELLANTI.jpg?itok=G8MJLpB8\" width=\"48\" height=\"48\" \/><\/div>\n<div class=\"feature-item--right\">Levelling feet\u00a0<i class=\"tooltip-placeholder fal fa-question-circle\" title=\"\" data-toggle=\"popover\" data-html=\"true\" data-placement=\"right\" data-content=\"Kit piedini livellanti optional\" data-original-title=\"Levelling feet\"><\/i><\/div>\n<\/div>\n<\/div>\n<div class=\"feature-item col-md-6\">\n<div class=\"feature-item--wrapper\">\n<div class=\"feature-item--left\"><img loading=\"lazy\" decoding=\"async\" class=\"img-responsive\" src=\"https:\/\/www.piazzetta.com\/sites\/default\/files\/styles\/icona\/public\/features\/icons\/Z40_MULTIFUOCO_SYSTEM_0.jpg?itok=4S4s9-0s\" alt=\"\" width=\"48\" height=\"48\" \/><\/div>\n<div class=\"feature-item--right\">Multifuoco System\u00a0<i class=\"tooltip-placeholder fal fa-question-circle\" title=\"\" data-toggle=\"popover\" data-html=\"true\" data-placement=\"right\" data-content=\"Multifuoco System\" data-original-title=\"Multifuoco System\"><\/i><\/div>\n<\/div>\n<\/div>\n<div class=\"feature-item col-md-6\">\n<div class=\"feature-item--wrapper\">\n<div class=\"feature-item--left\"><img loading=\"lazy\" decoding=\"async\" class=\"img-responsive\" src=\"https:\/\/www.piazzetta.com\/sites\/default\/files\/styles\/icona\/public\/features\/icons\/C_ASPIRACENERE.jpg?itok=6fMLKIMt\" width=\"48\" height=\"48\" \/><\/div>\n<div class=\"feature-item--right\">Vacuum\u00a0<i class=\"tooltip-placeholder fal fa-question-circle\" title=\"\" data-toggle=\"popover\" data-html=\"true\" data-placement=\"right\" data-content=\"Aspiracenere dedicato alla pulizia della stufa\" data-original-title=\"Vacuum\"><\/i><\/div>\n<\/div>\n<\/div>\n<div class=\"feature-item col-md-6\">\n<div class=\"feature-item--wrapper\">\n<div class=\"feature-item--left\"><img loading=\"lazy\" decoding=\"async\" class=\"img-responsive\" src=\"https:\/\/www.piazzetta.com\/sites\/default\/files\/styles\/icona\/public\/features\/icons\/AH_BRACIERE-PORTALEGNA.jpg?itok=Xt1HOhZZ\" width=\"48\" height=\"48\" \/><\/div>\n<div class=\"feature-item--right\">Log retainer\u00a0<i class=\"tooltip-placeholder fal fa-question-circle\" title=\"\" data-toggle=\"popover\" data-html=\"true\" data-placement=\"right\" data-content=\"Braciere portalegna optional\" data-original-title=\"Log retainer\"><\/i><\/div>\n<\/div>\n<\/div>\n<div class=\"feature-item col-md-6\">\n<div class=\"feature-item--wrapper\">\n<div class=\"feature-item--left\"><img loading=\"lazy\" decoding=\"async\" class=\"img-responsive\" src=\"https:\/\/www.piazzetta.com\/sites\/default\/files\/styles\/icona\/public\/features\/icons\/OPT32_MULTIFUOCO_optional_doppio.png?itok=mfydGO9E\" width=\"48\" height=\"48\" \/><\/div>\n<div class=\"feature-item--right\">Double Multifuoco Ducting\u00a0<i class=\"tooltip-placeholder fal fa-question-circle\" title=\"\" data-toggle=\"popover\" data-html=\"true\" data-placement=\"right\" data-content=\"Multifuoco\u00ae System con doppio sistema di ventilazione\" data-original-title=\"Double Multifuoco Ducting \"><\/i><\/div>\n<\/div>\n<\/div>\n<\/div>\n<\/div>\n<\/div>\n<p><i class=\"far fa-angle-down fa-angle-up\"><\/i><\/div>\n<div class=\"block-product-page-dati-tecnici\">\n<h4>Dati tecnici<\/h4>\n<div class=\"table-responsive\">\n<table class=\"table table-hover table-striped\" data-striping=\"1\">\n<thead>\n<tr>\n<th><\/th>\n<th>MA 285 D SL PLUS CON MANTELLO CAPPA<\/th>\n<th>MA 285 D SL PLUS<\/th>\n<th>MA 285 S SL PLUS CON MANTELLO CAPPA<\/th>\n<th>MA 285 S SL PLUS<\/th>\n<\/tr>\n<\/thead>\n<tbody>\n<tr class=\"odd\">\n<td>Classe di Efficienza Energetica<\/td>\n<td>A<\/td>\n<td>A<\/td>\n<td>A<\/td>\n<td>A<\/td>\n<\/tr>\n<tr class=\"even\">\n<td>Potenza Termica Nominale<\/td>\n<td>13,0 kW<\/td>\n<td>13,0 kW<\/td>\n<td>13,0 kW<\/td>\n<td>13,0 kW<\/td>\n<\/tr>\n<tr class=\"odd\">\n<td>Rendimento<\/td>\n<td>80,3 %<\/td>\n<td>80,3 %<\/td>\n<td>80,3 %<\/td>\n<td>80,3 %<\/td>\n<\/tr>\n<tr class=\"even\">\n<td>Volume Riscaldabile<\/td>\n<td>220 &#8211; 375 m\u00b3<\/td>\n<td>220 &#8211; 375 m\u00b3<\/td>\n<td>220 &#8211; 375 m\u00b3<\/td>\n<td>220 &#8211; 375 m\u00b3<\/td>\n<\/tr>\n<tr class=\"odd\">\n<td>Consumo Legna<\/td>\n<td>4.0 kg\/h<\/td>\n<td>4.0 kg\/h<\/td>\n<td>4.0 kg\/h<\/td>\n<td>4.0 kg\/h<\/td>\n<\/tr>\n<tr class=\"even\">\n<td>Diametro Scarico Fumi<\/td>\n<td>25 cm<\/td>\n<td>25 cm<\/td>\n<td>25 cm<\/td>\n<td>25 cm<\/td>\n<\/tr>\n<\/tbody>\n<\/table>\n<\/div>\n<p>Peso del prodotto: 215 kg<\/p>\n<\/div>\n<div class=\"ast-oembed-container \" style=\"height: 100%;\"><iframe title=\"Stufe moderne by Piazzetta: il calore uniforme che avvolge\" width=\"500\" height=\"281\" src=\"https:\/\/www.youtube.com\/embed\/ws6meZqCpvE?feature=oembed\" frameborder=\"0\" allow=\"accelerometer; autoplay; clipboard-write; encrypted-media; gyroscope; picture-in-picture; web-share\" referrerpolicy=\"strict-origin-when-cross-origin\" allowfullscreen><\/iframe><\/div>\n","protected":false},"excerpt":{"rendered":"<p class=\"block-header-prodotto-description\">MA 285 D\/S SL di Piazzetta, \u00e8 il Monoblocco della linea Anta Saliscendi a Convezione Naturale per Focolare a legna che vi garantir\u00e0 i consumi ridotti, elevata efficienza e facilit\u00e0 di installazione.<\/p>\n<ul>\n<li>Potenza nominale: 13 W<\/li>\n<li>Volume riscaldabile: 375 mc<\/li>\n<li>Peso 215 kg<\/li>\n<li>Dimensioni: 81x50x175H<\/li>\n<li>Diametro uscita fumi: 250mm<\/li>\n<li>OPTIONAL: MULTIFUOCO SYSTEM<\/li>\n<\/ul>\n","protected":false},"featured_media":7892,"template":"","meta":{"site-sidebar-layout":"default","site-content-layout":"default","ast-site-content-layout":"default","site-content-style":"default","site-sidebar-style":"default","ast-global-header-display":"","ast-banner-title-visibility":"","ast-main-header-display":"","ast-hfb-above-header-display":"","ast-hfb-below-header-display":"","ast-hfb-mobile-header-display":"","site-post-title":"","ast-breadcrumbs-content":"","ast-featured-img":"","footer-sml-layout":"","ast-disable-related-posts":"","theme-transparent-header-meta":"default","adv-header-id-meta":"","stick-header-meta":"","header-above-stick-meta":"","header-main-stick-meta":"","header-below-stick-meta":"","astra-migrate-meta-layouts":"default","ast-page-background-enabled":"default","ast-page-background-meta":{"desktop":{"background-color":"","background-image":"","background-repeat":"repeat","background-position":"center center","background-size":"auto","background-attachment":"scroll","background-type":"","background-media":"","overlay-type":"","overlay-color":"","overlay-opacity":"","overlay-gradient":""},"tablet":{"background-color":"","background-image":"","background-repeat":"repeat","background-position":"center center","background-size":"auto","background-attachment":"scroll","background-type":"","background-media":"","overlay-type":"","overlay-color":"","overlay-opacity":"","overlay-gradient":""},"mobile":{"background-color":"","background-image":"","background-repeat":"repeat","background-position":"center center","background-size":"auto","background-attachment":"scroll","background-type":"","background-media":"","overlay-type":"","overlay-color":"","overlay-opacity":"","overlay-gradient":""}},"ast-content-background-meta":{"desktop":{"background-color":"var(--ast-global-color-5)","background-image":"","background-repeat":"repeat","background-position":"center center","background-size":"auto","background-attachment":"scroll","background-type":"","background-media":"","overlay-type":"","overlay-color":"","overlay-opacity":"","overlay-gradient":""},"tablet":{"background-color":"var(--ast-global-color-5)","background-image":"","background-repeat":"repeat","background-position":"center center","background-size":"auto","background-attachment":"scroll","background-type":"","background-media":"","overlay-type":"","overlay-color":"","overlay-opacity":"","overlay-gradient":""},"mobile":{"background-color":"var(--ast-global-color-5)","background-image":"","background-repeat":"repeat","background-position":"center center","background-size":"auto","background-attachment":"scroll","background-type":"","background-media":"","overlay-type":"","overlay-color":"","overlay-opacity":"","overlay-gradient":""}}},"product_brand":[],"product_cat":[116],"product_tag":[117],"class_list":{"0":"post-7891","1":"product","2":"type-product","3":"status-publish","4":"has-post-thumbnail","6":"product_cat-camini-a-legna","7":"product_tag-piazzetta","8":"desktop-align-center","9":"tablet-align-left","10":"mobile-align-left","12":"first","13":"instock","14":"taxable","15":"shipping-taxable","16":"product-type-simple"},"_links":{"self":[{"href":"https:\/\/www.centrocamini.it\/shop\/wp-json\/wp\/v2\/product\/7891","targetHints":{"allow":["GET"]}}],"collection":[{"href":"https:\/\/www.centrocamini.it\/shop\/wp-json\/wp\/v2\/product"}],"about":[{"href":"https:\/\/www.centrocamini.it\/shop\/wp-json\/wp\/v2\/types\/product"}],"version-history":[{"count":1,"href":"https:\/\/www.centrocamini.it\/shop\/wp-json\/wp\/v2\/product\/7891\/revisions"}],"predecessor-version":[{"id":7893,"href":"https:\/\/www.centrocamini.it\/shop\/wp-json\/wp\/v2\/product\/7891\/revisions\/7893"}],"wp:featuredmedia":[{"embeddable":true,"href":"https:\/\/www.centrocamini.it\/shop\/wp-json\/wp\/v2\/media\/7892"}],"wp:attachment":[{"href":"https:\/\/www.centrocamini.it\/shop\/wp-json\/wp\/v2\/media?parent=7891"}],"wp:term":[{"taxonomy":"product_brand","embeddable":true,"href":"https:\/\/www.centrocamini.it\/shop\/wp-json\/wp\/v2\/product_brand?post=7891"},{"taxonomy":"product_cat","embeddable":true,"href":"https:\/\/www.centrocamini.it\/shop\/wp-json\/wp\/v2\/product_cat?post=7891"},{"taxonomy":"product_tag","embeddable":true,"href":"https:\/\/www.centrocamini.it\/shop\/wp-json\/wp\/v2\/product_tag?post=7891"}],"curies":[{"name":"wp","href":"https:\/\/api.w.org\/{rel}","templated":true}]}}