{"id":9352,"date":"2025-06-07T11:47:49","date_gmt":"2025-06-07T09:47:49","guid":{"rendered":"https:\/\/www.centrocamini.it\/shop\/?post_type=product&#038;p=9352"},"modified":"2025-06-07T11:47:49","modified_gmt":"2025-06-07T09:47:49","slug":"termocamino-ecomultiflex-plus-rsvc-sithec","status":"publish","type":"product","link":"https:\/\/www.centrocamini.it\/shop\/prodotto\/termocamino-ecomultiflex-plus-rsvc-sithec\/","title":{"rendered":"Termocamino Ecomultiflex Plus + RSVC Sithec"},"content":{"rendered":"<h3>Ecomultiflex Plus + RSVC \u2013 Il termocamino ibrido pi\u00f9 completo della gamma<\/h3>\n<p>Il termocamino Ecomultiflex Plus RSVC* \u00e8 progettato per offrire una soluzione integrata e modulare, compatibile con biomasse solide come legna, pellet, sansa e nocciolino. \u00c8 la scelta perfetta per chi desidera versatilit\u00e0 nei combustibili, massima efficienza energetica e semplicit\u00e0 d\u2019installazione.<\/p>\n<p><strong>RSVC*: un kit idraulico intelligente e potente<\/strong><\/p>\n<p>Il modulo RSVC* include:<\/p>\n<ul>\n<li>Vaso di espansione aperto con galleggiante<\/li>\n<li>Pompa inverter per riscaldamento (6 m)<\/li>\n<li>Pompa inverter per ricircolo caldaia (4 m)<\/li>\n<li>Serpentina sanitaria e serpentina riscaldamento<\/li>\n<li>Flussostato e valvola a 3 vie motorizzata<\/li>\n<li>Centralina elettronica automatica<\/li>\n<li>Scatola elettrica con istruzioni di collegamento rapide<\/li>\n<li>Sfiato, riempimento e attacchi a calotta<\/li>\n<\/ul>\n<p>Il sistema permette anche la commutazione automatica su caldaia a gas in caso di temperatura inferiore ai 40\u00b0C, rendendo l\u2019impianto ibrido e sempre efficiente.<\/p>\n<p><strong> Tecnologia avanzata<\/strong><\/p>\n<ul>\n<li>Bruciatore compatto con doppia accensione automatica<\/li>\n<li>Serpentine spiralate in rame alettato, installate a bagno-maria per massima resa e durata<\/li>\n<li>Centralina elettronica intuitiva per una gestione ottimale<\/li>\n<li>Facile integrazione con impianti esistenti<\/li>\n<li>Compatibilit\u00e0 con impianti a circuito chiuso grazie alla valvola a tre vie<\/li>\n<\/ul>\n<p><strong>Sostenibilit\u00e0 e risparmio<\/strong><\/p>\n<p>Utilizzando biomasse rinnovabili e sfruttando la possibilit\u00e0 di selezionare il combustibile pi\u00f9 conveniente, Ecomultiflex RSVC riduce le spese energetiche ed \u00e8 idoneo per incentivi statali (Conto Termico, Ecobonus, ecc.).<\/p>\n<div class=\"tm_pb_section tm_pb_section_2 tm_section_regular tm_section_transparent\">\n<div class=\"container\">\n<div class=\" row tm_pb_row tm_pb_row_2\">\n<div class=\"tm_pb_column tm_pb_column_4_4 tm_pb_column_2 col-xs-12 col-sm-12 col-md-12 col-lg-12 col-xl-12\">\n<div class=\"tm_pb_text tm_pb_module tm_pb_bg_layout_light tm_pb_text_align_left tm_pb_text_3\">\n<p><strong>PRESTAZIONI<\/strong><\/p>\n<\/div>\n<div class=\"tm_pb_module tm-waypoint tm_pb_image tm_pb_animation_off tm_pb_image_0 tm_always_center_on_mobile tm-animated\"><a class=\"tm_pb_lightbox_image\" title=\"\" href=\"http:\/\/www.sithec.it\/wp-content\/uploads\/2017\/10\/ECOMULTIFLEX-PLUS-RSVC-MOD-PIANO-CON-KIT-BRUCIATORE-COMPATTO-E-SERPENTINE-2-prestazioni.jpg\" rel=\"nofollow noopener\" target=\"_blank\"><img decoding=\"async\" src=\"http:\/\/www.sithec.it\/wp-content\/uploads\/2017\/10\/ECOMULTIFLEX-PLUS-RSVC-MOD-PIANO-CON-KIT-BRUCIATORE-COMPATTO-E-SERPENTINE-2-prestazioni.jpg\" alt=\"\" \/><\/a><\/div>\n<div class=\"tm_pb_text tm_pb_module tm_pb_bg_layout_light tm_pb_text_align_left tm_pb_text_4\">\n<p><small>* Consumo a regime con biomasse (pellet), per un\u2019abitazione di circa 120 mq.<\/small><\/p>\n<p><strong>PROSPETTO FRONTALE \/ PROSPETTO LATERALE \/ PIANTA \/ DIMENSIONI IN MM<\/strong><\/p>\n<\/div>\n<div class=\"tm_pb_module tm-waypoint tm_pb_image tm_pb_animation_left tm_pb_image_1 tm_always_center_on_mobile tm-animated\"><a class=\"tm_pb_lightbox_image\" title=\"\" href=\"http:\/\/www.sithec.it\/wp-content\/uploads\/2017\/10\/ECOMULTIFLEX-PLUS-RSVC-MOD-PIANO-CON-KIT-BRUCIATORE-COMPATTO-E-SERPENTINE-2-prospetto.jpg\" rel=\"nofollow noopener\" target=\"_blank\"><img decoding=\"async\" src=\"http:\/\/www.sithec.it\/wp-content\/uploads\/2017\/10\/ECOMULTIFLEX-PLUS-RSVC-MOD-PIANO-CON-KIT-BRUCIATORE-COMPATTO-E-SERPENTINE-2-prospetto.jpg\" alt=\"\" \/><\/a><\/div>\n<div class=\"tm_pb_module tm-waypoint tm_pb_image tm_pb_animation_off tm_pb_image_2 tm_always_center_on_mobile tm-animated\"><a class=\"tm_pb_lightbox_image\" title=\"\" href=\"http:\/\/www.sithec.it\/wp-content\/uploads\/2017\/10\/ECOMULTIFLEX-PLUS-RSVC-MOD-PIANO-CON-KIT-BRUCIATORE-COMPATTO-E-SERPENTINE-2-schema.jpg\" rel=\"nofollow noopener\" target=\"_blank\"><img decoding=\"async\" src=\"http:\/\/www.sithec.it\/wp-content\/uploads\/2017\/10\/ECOMULTIFLEX-PLUS-RSVC-MOD-PIANO-CON-KIT-BRUCIATORE-COMPATTO-E-SERPENTINE-2-schema.jpg\" alt=\"\" \/><\/a><\/div>\n<p><strong>COMBUSTIBILI<\/strong><\/p>\n<\/div>\n<div class=\"tm_pb_text tm_pb_module tm_pb_bg_layout_light tm_pb_text_align_left tm_pb_text_7\">\n<p>Legna \/ Pellet \/ Sansa \/ Nocciolino<\/p>\n<\/div>\n<div class=\"tm_pb_module tm-waypoint tm_pb_image tm_pb_animation_left tm_pb_image_3 tm_always_center_on_mobile tm-animated\"><img decoding=\"async\" src=\"http:\/\/www.sithec.it\/wp-content\/uploads\/2017\/10\/combustibili.jpg\" alt=\"\" \/><\/div>\n<\/div>\n<\/div>\n<\/div>\n","protected":false},"excerpt":{"rendered":"<h2>Ecomultiflex Plus + RSVC \u2013 Termocamino policombustibile ad alta efficienza<\/h2>\n<p><strong>Ecomultiflex Plus con RSVC* \u00e8 il termocamino pi\u00f9 completo e versatile della gamma<\/strong>, compatibile con legna, pellet, sansa e nocciolino. Dotato di bruciatore compatto con doppia accensione automatica e centralina elettronica evoluta, garantisce avvii infallibili anche con combustibili triturati.<\/p>\n<p>Le serpentine spiralate in rame alettato, immerse in bagno-maria, offrono massima efficienza e durata. Il modulo RSVC* include vaso di espansione, pompe inverter, flussostato, valvola a 3 vie motorizzata, serpentine per riscaldamento e sanitario, oltre a una scatola elettrica con collegamenti rapidi e intuitivi.<\/p>\n<p>Ideale per abitazioni fino a 120 mq, si integra facilmente anche con caldaie a gas grazie al sistema di commutazione automatica sotto i 40\u00b0C. Con Ecomultiflex hai tutto in un unico impianto: risparmio, prestazioni e sostenibilit\u00e0.<\/p>\n","protected":false},"featured_media":9353,"template":"","meta":{"site-sidebar-layout":"default","site-content-layout":"","ast-site-content-layout":"default","site-content-style":"default","site-sidebar-style":"default","ast-global-header-display":"","ast-banner-title-visibility":"","ast-main-header-display":"","ast-hfb-above-header-display":"","ast-hfb-below-header-display":"","ast-hfb-mobile-header-display":"","site-post-title":"","ast-breadcrumbs-content":"","ast-featured-img":"","footer-sml-layout":"","ast-disable-related-posts":"","theme-transparent-header-meta":"default","adv-header-id-meta":"","stick-header-meta":"","header-above-stick-meta":"","header-main-stick-meta":"","header-below-stick-meta":"","astra-migrate-meta-layouts":"set","ast-page-background-enabled":"default","ast-page-background-meta":{"desktop":{"background-color":"","background-image":"","background-repeat":"repeat","background-position":"center center","background-size":"auto","background-attachment":"scroll","background-type":"","background-media":"","overlay-type":"","overlay-color":"","overlay-opacity":"","overlay-gradient":""},"tablet":{"background-color":"","background-image":"","background-repeat":"repeat","background-position":"center center","background-size":"auto","background-attachment":"scroll","background-type":"","background-media":"","overlay-type":"","overlay-color":"","overlay-opacity":"","overlay-gradient":""},"mobile":{"background-color":"","background-image":"","background-repeat":"repeat","background-position":"center center","background-size":"auto","background-attachment":"scroll","background-type":"","background-media":"","overlay-type":"","overlay-color":"","overlay-opacity":"","overlay-gradient":""}},"ast-content-background-meta":{"desktop":{"background-color":"var(--ast-global-color-5)","background-image":"","background-repeat":"repeat","background-position":"center center","background-size":"auto","background-attachment":"scroll","background-type":"","background-media":"","overlay-type":"","overlay-color":"","overlay-opacity":"","overlay-gradient":""},"tablet":{"background-color":"var(--ast-global-color-5)","background-image":"","background-repeat":"repeat","background-position":"center center","background-size":"auto","background-attachment":"scroll","background-type":"","background-media":"","overlay-type":"","overlay-color":"","overlay-opacity":"","overlay-gradient":""},"mobile":{"background-color":"var(--ast-global-color-5)","background-image":"","background-repeat":"repeat","background-position":"center center","background-size":"auto","background-attachment":"scroll","background-type":"","background-media":"","overlay-type":"","overlay-color":"","overlay-opacity":"","overlay-gradient":""}}},"product_brand":[181],"product_cat":[174],"product_tag":[182],"class_list":{"0":"post-9352","1":"product","2":"type-product","3":"status-publish","4":"has-post-thumbnail","6":"product_brand-sithec","7":"product_cat-termocamini-camini","8":"product_tag-sithec","9":"desktop-align-center","10":"tablet-align-left","11":"mobile-align-left","13":"first","14":"instock","15":"taxable","16":"shipping-taxable","17":"purchasable","18":"product-type-simple"},"_links":{"self":[{"href":"https:\/\/www.centrocamini.it\/shop\/wp-json\/wp\/v2\/product\/9352","targetHints":{"allow":["GET"]}}],"collection":[{"href":"https:\/\/www.centrocamini.it\/shop\/wp-json\/wp\/v2\/product"}],"about":[{"href":"https:\/\/www.centrocamini.it\/shop\/wp-json\/wp\/v2\/types\/product"}],"version-history":[{"count":2,"href":"https:\/\/www.centrocamini.it\/shop\/wp-json\/wp\/v2\/product\/9352\/revisions"}],"predecessor-version":[{"id":9355,"href":"https:\/\/www.centrocamini.it\/shop\/wp-json\/wp\/v2\/product\/9352\/revisions\/9355"}],"wp:featuredmedia":[{"embeddable":true,"href":"https:\/\/www.centrocamini.it\/shop\/wp-json\/wp\/v2\/media\/9353"}],"wp:attachment":[{"href":"https:\/\/www.centrocamini.it\/shop\/wp-json\/wp\/v2\/media?parent=9352"}],"wp:term":[{"taxonomy":"product_brand","embeddable":true,"href":"https:\/\/www.centrocamini.it\/shop\/wp-json\/wp\/v2\/product_brand?post=9352"},{"taxonomy":"product_cat","embeddable":true,"href":"https:\/\/www.centrocamini.it\/shop\/wp-json\/wp\/v2\/product_cat?post=9352"},{"taxonomy":"product_tag","embeddable":true,"href":"https:\/\/www.centrocamini.it\/shop\/wp-json\/wp\/v2\/product_tag?post=9352"}],"curies":[{"name":"wp","href":"https:\/\/api.w.org\/{rel}","templated":true}]}}